*b + 3*r - 28. Is b/6*846/(-4) composite?
True
Let a = -54 + -33. Let h = -53 - a. Is h a prime number?
False
Let a(g) = -2*g**3 + 2*g**2 - 5*g - 7. Let x(u) = 2*u**3 - 3*u**2 + 6*u + 8. Let l(v) = 5*a(v) + 4*x(v). Is l(-4) a prime number?
True
Let d = -3448 - -5903. Is d a composite number?
True
Let c(s) = -6 + 5 + 6*s - 2*s. Let b be c(5). Let u = 76 + b. Is u a prime number?
False
Let j(y) = 3*y**2 + 4. Let v be j(9). Let r = v - 130. Suppose 174 = 3*x - r. Is x prime?
True
Let z be (-16)/5 + 2/10. Let q = z + 6. Suppose q*k + 22 = 67. Is k composite?
True
Let z(s) = -33*s - 1. Is z(-2) a composite number?
True
Let u = 41 + -3. Suppose 0*r - 50 = 2*r. Let g = r + u. Is g prime?
True
Let k = -1 - -4. Let s = 3 - k. Suppose -2*x - x + 21 = s. Is x a prime number?
True
Let c be 33/(-6) + (-2)/4. Is 3/9 - 400/c composite?
False
Suppose -2*f + 3*f + 41 = 5*x, 5*x - 5*f = 45. Is x/20 - 233/(-5) composite?
False
Let j(q) = 5*q**2 - 4*q + 1. Let i be j(3). Is (-4)/((-16)/14)*i composite?
True
Suppose 0*l = -4*l + 16. Let a = 4 + l. Is 106/a + 3/(-12) a composite number?
False
Let k(h) = 2*h**2 - 2*h + 8. Let w(t) = 5*t - 1. Let u be w(-1). Let z be k(u). Suppose 4*n - p + 4*p - z = 0, 4*p + 16 = 0. Is n composite?
True
Suppose 14 = -2*v + v + 5*n, 3*v + 4*n = -61. Suppose 2*y + 3*y = 190. Let z = v + y. Is z a prime number?
True
Let o = -570 - -3983. Is o a composite number?
False
Let c(k) = -k**3 + k**2 + 1801. Is c(0) a prime number?
True
Suppose 113 + 47 = 5*k. Let c = 91 - k. Is c prime?
True
Let s = 787 - 442. Suppose 4*j - 395 = s. Is j composite?
True
Let t = -243 + 355. Suppose 2*q - t + 2 = 0. Is q a composite number?
True
Let t = 12 + 19. Is t a composite number?
False
Suppose 5*l - 46 = -3*y, 2*y + l + 2*l = 29. Let n(d) = -5*d**2 + 8*d + 3*d**2 + d**2. Is n(y) composite?
False
Let a(f) = -2*f**3 - 14*f**2 - 10*f - 1. Is a(-9) prime?
False
Suppose 0 = -3*c + 6, 6 = -3*j + 2*c + 32. Let o(h) = -h**2 + 11*h - 9. Let y be o(j). Is y - (-4)/2 - -28 prime?
True
Let u(c) = c**3 + 7*c**2 + 1. Let f be u(-6). Suppose 332 - f = 5*y. Is y composite?
False
Let p(s) = 156*s + 57. Is p(7) a composite number?
True
Suppose 4*b - 3*v = 179, -2*b = -3*b + v + 45. Let r = 35 + b. Is r a composite number?
False
Suppose k + 2*k - 369 = 0. Suppose -x - 54 = -5*n, -4*x = -2*x - 4*n + 96. Let c = x + k. Is c prime?
True
Suppose -i + y = 0, 2*y - 3*y + 12 = 5*i. Suppose -5*j - 36 = 3*v, -21 = 4*j - 2*j - v. Is i/j - 346/(-18) a prime number?
True
Let a(m) = 2*m + 16. Is a(9) composite?
True
Suppose 0 = 3*n + n - 3932. Is n a composite number?
False
Suppose 1925 = k + c, -5*c + 693 + 5090 = 3*k. Is k composite?
True
Let w be 69 + 4 + (-1 - 0). Let a be -123*(-3)/(-9)*1. Let o = w + a. Is o prime?
True
Suppose 572 = 4*k + i, -4*k + 2*i + 572 = -3*i. Is k prime?
False
Let q(s) = -s - 2. Let b be q(-6). Suppose -b*m - 63 - 29 = 0. Let u = m + 44. Is u a composite number?
True
Suppose -1688 = -f - 7*f. Is f prime?
True
Let x = 52 + 357. Is x a prime number?
True
Let w = 51 + -20. Suppose -k + 80 - w = 0. Is k a composite number?
True
Let o = -368 + 242. Let k = -13 - o. Is k a prime number?
True
Is 1363*1 + (-4)/(-2 - -4) prime?
True
Let h = 270 + -182. Suppose -d - h = -4*t - 0, 0 = -2*t - d + 44. Is t a composite number?
True
Suppose 5*n - 2*s - 620 = 625, n - 5*s = 226. Is n a composite number?
False
Suppose -5*u = -3*j - j - 5, -j = -u. Is 3/(j - 2)*14 prime?
False
Let s = -370 - -215. Let w be ((-42)/9)/((-2)/114). Let p = s + w. Is p prime?
False
Let v(p) = 271*p**2 - 9*p - 11. Is v(-3) a composite number?
True
Let b be (0 - (-3)/(-9))*3. Is ((-10)/6)/(b/39) a prime number?
False
Let x(z) = z - 7. Let w be x(7). Let u(a) = a**2 + a + 535. Is u(w) a prime number?
False
Let q = -947 - -557. Let d = -179 - 54. Let s = d - q. Is s composite?
False
Let d(i) = 2*i. Let s be d(2). Let x = s - 0. Suppose -x*a + 110 = a. Is a a composite number?
True
Is (1*-1282)/(4*(-1)/2) a composite number?
False
Suppose 2*n + 0*b - 2*b - 118 = 0, 4*b = n - 44. Let c = n - -45. Is c a composite number?
False
Let i(v) = v**3 - 3*v**2 - 2*v - 4. Let z be i(4). Suppose z*t = -t + 555. Is t a composite number?
True
Is 17559/15 - (-4)/10 a composite number?
False
Let q(z) = 48*z - 17. Is q(14) a composite number?
True
Let d(l) = 120*l**2 - l. Is d(-1) composite?
True
Suppose -2*i = -1604 - 950. Is i a composite number?
False
Suppose 5714 = 3*t - 5*l, 0 = t - 3*l - 2*l - 1888. Is t prime?
True
Let o(f) = -2*f - 6 + 6*f - f**3 - 4*f**2 + 0*f**3. Is o(-7) a prime number?
True
Let k be -2 + 0 + 732/3. Suppose 5*y - 3*y = k. Is y a prime number?
False
Let c = -1 + 4. Let s be 0/(-1*(c - 2)). Suppose s = -5*t + 36 + 199. Is t a prime number?
True
Let c = -7 + 8. Is 1/1*c - -54 a composite number?
True
Suppose 4*n = -1 + 13. Suppose -118 = n*c - 358. Is c/12*9/6 a prime number?
False
Let b(q) = 3 + 2*q**3 - 2*q**2 + 0*q**3 - 4*q**3 + 8*q. Is b(-5) a prime number?
True
Let b be (-9)/(-2) - (-3)/6. Suppose -36 = -i + f, 3*f - 172 = -b*i - 0*f. Is i a prime number?
False
Let c = -26 - -36. Suppose 2 = -2*f + c. Suppose -f*n - 33 = -5*n. Is n prime?
False
Let r be (-12)/(-7) + 4/14. Let t = 56 + -19. Suppose -r*o + t = -o. Is o prime?
True
Let a(m) = m**3 - 4*m**2 - m + 5. Let l be a(4). Let i(h) = 113*h. Is i(l) prime?
True
Let r = 37 - 73. Is (-3770)/(-8) - (-9)/r composite?
True
Let l(u) = u**3 - 2*u**2 - 7*u - 3. Let v be l(6). Suppose -v + 11 = -4*g. Is g a prime number?
False
Let o(p) = -2*p**2 + p**2 - p**3 - 3*p + 4*p. Let a be o(-2). Suppose 2*q - 259 = -3*j, a*j + 4*q - 178 = -0*q. Is j prime?
False
Suppose 69 = 3*j - 33. Is j a composite number?
True
Is (1535/(-10))/(3/(-6)) prime?
True
Let b(l) = -l - 2. Let x = -10 + 3. Let p be b(x). Suppose 0 = -4*m + p*o - 3*o + 94, 0 = 4*o + 20. Is m composite?
True
Suppose 2665 = 5*l + 3*r, 4*r = -l - 353 + 886. Is l a composite number?
True
Is ((-16)/40)/((-2)/955) prime?
True
Let k = -6 - -9. Suppose 2*c = k*c - 67. Is c prime?
True
Let k(f) = f**3 - 5*f**2 + f + 5. Suppose 3*d = -2*i + 13, 5*i = -d - d + 27. Let n be k(i). Is 852/n - 7/35 prime?
False
Let g = -63 - -54. Let v = 3 - -3. Let s = v - g. Is s prime?
False
Suppose -6 = 4*z + 2*p + 50, 0 = -4*z + 4*p - 68. Let j = 4 + z. Let d = j + 37. Is d composite?
True
Suppose 0 = h + 19 + 22. Let m = h + 67. Suppose -18 = -v + 4*f, 2*f + m + 34 = 2*v. Is v composite?
True
Let d(h) = 5*h - 3. Let f be 3/(9/48*2). Is d(f) prime?
True
Suppose 7089 = 19*k - 25990. Is k a composite number?
False
Suppose 0 = -7*k + 6 + 8. Let a = -5 + 10. Suppose -k*p = -4*j + 132, -14 - a = -j + 4*p. Is j composite?
True
Is -3 - (-53676)/35 - 2/(-5) a composite number?
False
Let z be 846/10 + 2/5. Let t = -5 - 43. Let m = t + z. Is m composite?
False
Suppose 0 = -80*d + 82*d - 2438. Is d composite?
True
Let m be (-132 + 2)/(-1) + -1. Is ((-14)/21)/((-2)/m) a prime number?
True
Let g be (-232)/(-5) + 4/(-10). Suppose -g = -v - 11. Is v a prime number?
False
Suppose -2*w + 0*w + 2*c - 276 = 0, c + 537 = -4*w. Let m = 296 + w. Is m prime?
False
Suppose -x - 6 = v, v + 1 - 10 = 2*x. Let r(g) = -87*g + 2. Is r(v) composite?
False
Let m = -28 - -141. Is m composite?
False
Suppose 0 = q - 79 - 182. Let b = -184 + q. Is b prime?
False
Suppose -3*a - a = 3*s - 4199, -a + 1399 = s. Is s composite?
True
Suppose -4*u + 598 = -294. Is u a composite number?
False
Let f(k) = k**3 + 10*k**2 + 10*k + 2. Let m be f(-9). Let u(x) = -x**3 - 7*x**2 - 7*x + 9. Is u(m) composite?
True
Let r = -98 + 200. Suppose -3*h - n - 72 = -h, -h - 4*n - 43 = 0. Let k = h + r. Is k composite?
False
Let m(v) = 24*v - 14. Is m(2) prime?
False
Let d = -12 + 15. Suppose -d*k + 3*j + 147 = 0, k + k + 3*j = 98. Is k composite?
True
Let p(o) = -91*o - 10. Is p(-3) prime?
True
Is 671 - (-3 - (-5 - (-2 - 0))) composite?
True
Suppose 2*f = -3*t + 139, t - 51 = f - 8. Suppose -2*o + 3*b + 176 = 0, -254 = -5*o - 2*b + 148. Let i = o + t. Is i a prime number?
True
Let m(g) = -g**3 - 6*g**2 + 10*g + 7. Is m(-10) a composite number?
False
Suppose -5*y + 2*d + 3*d = -160, -4*y + 126 = -2*d. Is (-2)/(-6)*3*y a prime number?
True
Let m(i) = i**3 + 4*i**2 + 3*i. Let p be m(-3). Let r(o) = -o**3 + 4*o**2 + 6*o - 3. Let j be r(5). Suppose p*l - 78 = -j*l. Is l a prim